. Let o be (r - 0 - -2)*3. What is the highest common divisor of 105 and o?
15
Suppose -5*r + 165 = -0*r. Suppose 183 - r = -5*n. Let w = -12 - n. Calculate the greatest common factor of w and 3.
3
Let h(k) = 3*k - 2. Let y be h(2). Let g be (-4)/(-14) - (-416)/112. Suppose 214 = y*m - 2*l, l = g*m - 149 - 68. What is the highest common factor of 22 and m?
11
Let w be 1 - (5 + -6 - 97). What is the highest common divisor of w and 11?
11
Let z(k) = 2*k**2 - 3*k - 12. Let g be z(4). Let h be (-16 + 1)*8/(-3). Calculate the greatest common factor of g and h.
8
Let v be 7 + (-1 - 0 - 1). Suppose v*o + 5*c - 11 = o, 15 = 4*o + c. Let m(j) = 13*j - 1. Let u be m(1). Calculate the highest common factor of u and o.
4
Suppose 5*b + 77 - 813 = -3*u, 5*b = 5*u - 1280. What is the highest common factor of u and 36?
36
Suppose -f + 44 = -18. Let w = f - 34. Suppose -3*x + 2*y + w = 0, -x + 13 = 4*y - y. What is the greatest common divisor of 5 and x?
5
Suppose 0 = -3*x - 2*x - 35. Let i be x/2 + (-1)/(-2). Let d = i - -28. Calculate the greatest common factor of 10 and d.
5
Let s be ((-8)/6)/((-8)/84). Suppose -2*u + s = 2. What is the greatest common divisor of u and 12?
6
Let i(t) = 16*t**2 - t - 27. Let u be i(-5). Calculate the highest common factor of u and 54.
54
Let v(p) = 2*p - 2. Let q be v(2). Suppose 87 = q*s - 235. What is the greatest common factor of s and 23?
23
Let j = -17 - -29. Let w be -5*15/(-25) - 1. What is the greatest common divisor of j and w?
2
Suppose 7 + 5 = 2*k. Calculate the greatest common divisor of 6 and k.
6
Suppose 27*c - 22*c - 50 = 0. Calculate the greatest common factor of c and 70.
10
Let s be (2/4)/((-4)/(-96)). Suppose 2*n - q - s = 3, -4*n + 31 = -q. Calculate the greatest common divisor of n and 88.
8
Let k(i) = 10*i**2 - 6*i + 7. Let h(b) = b**2 - b + 1. Let f(n) = -6*h(n) + k(n). Let c be f(1). Let x = c - -50. What is the highest common factor of 5 and x?
5
Suppose m - 21 = -4*y - 104, -78 = 4*y + 2*m. Let k = -12 - y. Suppose 9*j - 4*j - 25 = 0. Calculate the greatest common divisor of k and j.
5
Suppose 2*b + 12 = 5*l - 22, -5*b = l + 4. Calculate the highest common factor of l and 6.
6
Let s = -13 + 18. Suppose 5*f = s*c + 65, -2*c - 56 = -5*f - 0*c. Calculate the greatest common divisor of f and 4.
2
Let m = -1 - -4. Suppose m*s - 177 = 153. Suppose -10 = -3*q + s. What is the highest common divisor of q and 8?
8
Let x(a) = -a**3 - 2*a**2 - 3*a + 1. Let n be x(-3). Calculate the highest common factor of n and 19.
19
Let h = 25 + -16. Let z(o) = -o**3 + 9*o**2 - 2. Let r be z(h). Let f be (r - (-2)/4)*-30. What is the greatest common factor of f and 9?
9
Let q be ((-1750)/(-21))/(2/6). Suppose 6*w - q = w. Calculate the highest common divisor of 10 and w.
10
Let t(l) = l**3 - 12*l**2 + 12*l + 9. Let x be t(11). Suppose -3*v + 10 = -8*v. Let d be (-3)/v*(3 + 117). Calculate the highest common divisor of x and d.
20
Let t(j) be the third derivative of j**4/24 + 5*j**3/6 + 3*j**2. Let b be t(-7). Let n = b + 18. What is the greatest common factor of 8 and n?
8
Suppose 4*k = 20, -2*a + 5*a - 4*k + 20 = 0. Let c be (a - 4)*3/(-2). Let s be 1/(-1) + (c - 1). Calculate the greatest common factor of 32 and s.
4
Let d = 1 + 6. Suppose 0 = -b + d + 28. Let a(r) = r + 7. Let o be a(0). Calculate the greatest common divisor of b and o.
7
Suppose 2*f = -2*i + 168, 5*f - 6*i = -4*i + 399. Calculate the highest common divisor of 9 and f.
9
Let n(h) = 23*h**2 - h + 1. Let x be n(1). Suppose 0 = -4*u + 16, -d + 495 = 2*d + 3*u. Calculate the highest common divisor of x and d.
23
Suppose 0*l - 36 = -4*l. Suppose p - l - 3 = 0. What is the highest common divisor of 3 and p?
3
Let t(w) = 21*w**2 + 4*w + 4. Let s be t(-1). Calculate the highest common divisor of 6 and s.
3
Let w(d) = -d**3 + 10*d**2 + 4*d. Let p be w(5). What is the highest common divisor of p and 29?
29
Let w(j) = j**3 + j**2 + j + 5. Let t be w(0). What is the greatest common divisor of 45 and t?
5
Let g = -5 + 8. Let o be 0/(g - 4/2). Suppose o = 4*t - 59 + 19. What is the highest common factor of t and 25?
5
Let y = 2 - 2. Suppose y = 2*w + 3*f - 2, 0 = -w - 4*f + 2 - 1. Let m(q) = 15*q**2 - q. Let r be m(w). What is the highest common divisor of r and 112?
14
Suppose 5*m + 48 = 2*f, 4*f - 2*m + 15 = 95. Let t = f + -9. What is the greatest common divisor of t and 40?
10
Suppose -4*m + 3 = z - 2, -m - 10 = -2*z. Suppose -h - 4*h = 2*i - 101, -z*h - 25 = 0. Calculate the highest common divisor of i and 7.
7
Let k = 9 + 7. Let p be 0 + (k - (0 - 0)). Let r be 2/(-2)*(-192)/4. Calculate the highest common factor of r and p.
16
Suppose 45 = -5*q - 0. Let d = q - -16. Calculate the greatest common divisor of d and 7.
7
Suppose 4*u - 356 = -2*i + 6*i, 361 = 4*u + i. Suppose -2*h + 6*h - 2*b = u, 2*h + 4*b - 20 = 0. What is the greatest common divisor of h and 40?
20
Let s(w) = w - 2. Let q be s(5). Suppose 0 = q*z - 34 - 38. Calculate the highest common divisor of z and 36.
12
Suppose -4*v + 6 = -v. Calculate the greatest common factor of 3 and v.
1
Let d = -17 - -38. Calculate the greatest common factor of d and 21.
21
Let s be (-1)/(1 + -2) + -1. Suppose -4*m = 0, 2*g - 5*m - 133 - 155 = s. Calculate the greatest common factor of g and 16.
16
Suppose -v - 3*v = -20, -5*v = 5*m - 105. Calculate the greatest common divisor of 8 and m.
8
Let m(i) = i**3 - 7*i**2 - 8*i + 1. Let k be m(8). Suppose 4*a = 3 + 5. What is the highest common factor of k and a?
1
Let x be 149 + 0/1 - -3. Calculate the greatest common factor of x and 19.
19
Let m = 11 - 7. Suppose 0 = 5*v - 35 - 125. Calculate the highest common divisor of v and m.
4
Let m be (0/(-1))/(-3) + 1. Let w(r) = -133*r**3 + 2*r**2 - 1. Let y be w(m). Let f be y/(-10) + (-1)/5. What is the highest common divisor of 117 and f?
13
Let g(q) = -q - 2. Let j be g(-7). Suppose -4*o = -j*m - 102, 0*m = o - m - 25. What is the greatest common factor of o and 115?
23
Let r be ((-144)/80)/((-2)/20). What is the greatest common factor of 90 and r?
18
Let c = 16 + -10. Let v(d) = d**3 - 5*d**2 - 7*d + 8. Let z be v(6). Suppose y + z*y = 36. What is the highest common factor of y and c?
6
Suppose 0 = -4*q + 2*q - 8. Let n(v) = -v**3 - 5*v**2 - 4*v + 1. Let x be n(q). Let y be x + 1/(-1) - -65. Calculate the highest common factor of 26 and y.
13
Suppose 3*a + 82 = 4*p - 1, -4*a = -3*p + 71. Calculate the highest common divisor of p and 153.
17
Let h(v) = v**3 + 5*v**2 - 4. Suppose p - 8 = 3*p. Let j be h(p). Let l = 27 - 15. Calculate the highest common factor of l and j.
12
Let d(k) = k**3 - 13*k**2 - 4*k - 8. Let i be d(14). What is the greatest common divisor of 12 and i?
12
Let n be (-6)/(-27) - 40/18. Let f be 2 - n - 2 - 9. Let g be (-7 + 1)/(2/f). Calculate the greatest common divisor of 147 and g.
21
Let p(q) = -2*q**2 - 14*q + 11. Let m be p(-6). Calculate the highest common factor of m and 184.
23
Let h(o) = -o**3 + 5*o**2 + 9*o - 9. Let a be h(6). Suppose -a*g + 4*g = -150. What is the greatest common factor of 20 and g?
10
Let g = 265 - 188. Suppose 2*p - 20 = -2*u, 3*u + 77 = 5*p + 19. What is the greatest common factor of p and g?
11
Suppose 4*a = -3*f + 5, 3*f - 2 = f - 2*a. Let r be ((-1)/f)/(1/5). Suppose 0 = 2*t - 44 - 26. What is the highest common divisor of t and r?
5
Suppose 2*d = 4*m + 58, 0 = d + 4*m - 19 + 2. Calculate the highest common factor of 100 and d.
25
Let u = -2 + 1. Let n be (0 + u)*4/(-1). Let v = n - 2. Calculate the highest common divisor of 14 and v.
2
Let j(u) = -8*u + 2. Let d be j(-3). Calculate the highest common factor of 52 and d.
26
Let i = -29 - -56. What is the greatest common factor of i and 81?
27
Suppose 0 = -4*m + 3 + 9. Let y be ((-2)/(-4))/(1/42). What is the highest common divisor of m and y?
3
Let q(h) = 77*h**2 + 2*h + 1. Let s be q(-1). Let k be (76/(-6))/(8/(-12)). What is the highest common factor of k and s?
19
Suppose 5*k = -y - 0*k + 47, 3*y - 91 = -5*k. Calculate the highest common divisor of 2 and y.
2
Let v = 10 + 6. Suppose -5 = g - v. Calculate the greatest common divisor of 33 and g.
11
Suppose 0 = -2*h + 2 + 4. Calculate the highest common divisor of h and 33.
3
Suppose -3*d = -5*d. Let y = 3 - d. Suppose -y*p - 3*m + 12 = 0, 0*m - 4 = -p - 2*m. What is 